common divisor of 6055 and 164350?
865
What is the highest common divisor of 203476 and 1352?
676
What is the highest common factor of 4097 and 1581?
17
What is the greatest common divisor of 260508 and 68?
68
What is the highest common factor of 145621 and 14?
7
Calculate the highest common divisor of 4537 and 73639.
349
Calculate the highest common factor of 16280 and 264.
88
Calculate the greatest common factor of 599443 and 169.
169
Calculate the greatest common divisor of 5691 and 21.
21
Calculate the greatest common divisor of 2 and 3459.
1
Calculate the highest common factor of 133099 and 167.
167
Calculate the highest common divisor of 306 and 131478.
102
What is the greatest common divisor of 14544 and 9864?
72
What is the greatest common divisor of 52 and 55896?
4
Calculate the highest common factor of 198680 and 680.
40
What is the greatest common divisor of 21 and 745143?
21
What is the highest common factor of 2399 and 3?
1
What is the greatest common divisor of 97019 and 459?
17
What is the highest common factor of 11370700 and 110?
110
What is the highest common factor of 12825 and 225?
225
What is the highest common divisor of 22655 and 20?
5
What is the highest common divisor of 3 and 88905?
3
Calculate the highest common factor of 126492 and 22908.
996
What is the greatest common divisor of 29 and 8211205?
29
What is the greatest common factor of 2768229 and 37?
37
Calculate the highest common divisor of 11189 and 28891.
167
Calculate the greatest common divisor of 9477706 and 14.
14
Calculate the greatest common divisor of 896 and 281680.
112
What is the highest common divisor of 6121272 and 24?
24
Calculate the highest common divisor of 13014 and 27.
27
Calculate the greatest common divisor of 1350 and 513600.
150
What is the highest common factor of 9112 and 93800?
536
Calculate the greatest common factor of 15976 and 8.
8
Calculate the greatest common divisor of 232 and 114724.
116
Calculate the greatest common divisor of 594301 and 31.
31
Calculate the highest common divisor of 18762 and 2226.
318
Calculate the greatest common factor of 936 and 576.
72
Calculate the greatest common factor of 477 and 583.
53
What is the greatest common divisor of 10827 and 2079?
27
Calculate the highest common factor of 825 and 24000.
75
What is the highest common divisor of 109359 and 12267?
261
Calculate the highest common divisor of 25363208 and 26.
26
What is the greatest common divisor of 62445 and 2172?
543
What is the highest common divisor of 75362 and 4018?
98
Calculate the highest common factor of 2285 and 557083.
457
What is the greatest common divisor of 2565 and 5265?
135
What is the greatest common divisor of 6336 and 6144?
192
Calculate the greatest common divisor of 81 and 1665.
9
Calculate the greatest common divisor of 56882 and 1904.
238
Calculate the greatest common factor of 260648 and 248.
248
Calculate the greatest common divisor of 92341 and 963.
107
Calculate the greatest common divisor of 6878902 and 811.
811
What is the highest common factor of 852 and 28897?
71
What is the highest common divisor of 2820 and 3700?
20
What is the greatest common divisor of 15078 and 3906?
42
What is the highest common factor of 10 and 66630?
10
Calculate the greatest common factor of 93 and 354485.
31
What is the highest common factor of 223803 and 614?
307
What is the greatest common divisor of 216 and 43902?
54
Calculate the highest common divisor of 26452 and 68.
68
What is the highest common factor of 130746 and 21?
21
What is the highest common divisor of 34 and 12155?
17
What is the highest common factor of 167004 and 36?
36
What is the greatest common factor of 2768447 and 11?
11
Calculate the highest common divisor of 2468 and 1047666.
1234
Calculate the greatest common divisor of 405 and 411561.
81
What is the highest common factor of 1218866 and 68?
34
Calculate the highest common divisor of 15948 and 108.
36
What is the highest common divisor of 8 and 259048?
8
Calculate the greatest common factor of 424 and 387960.
424
What is the greatest common factor of 643500 and 88?
44
Calculate the highest common factor of 371 and 10653.
53
Calculate the highest common factor of 1280 and 17408.
256
What is the greatest common divisor of 20073512 and 542?
542
Calculate the greatest common factor of 570 and 50415.
15
Calculate the greatest common divisor of 34 and 2363.
17
What is the highest common divisor of 272 and 1203472?
16
What is the highest common factor of 272 and 943466?
34
What is the greatest common factor of 5120 and 140?
20
What is the greatest common divisor of 4 and 2770?
2
What is the highest common factor of 24056 and 2328?
776
Calculate the greatest common factor of 177328 and 16.
16
What is the greatest common divisor of 1405856 and 64?
32
Calculate the greatest common factor of 7569 and 86623.
841
Calculate the greatest common divisor of 34365 and 17139.
87
What is the greatest common factor of 71 and 35429?
71
Calculate the highest common factor of 1060 and 69340.
20
Calculate the highest common factor of 1171 and 1010573.
1171
What is the greatest common divisor of 21172 and 632?
316
Calculate the highest common divisor of 915 and 2250.
15
Calculate the highest common divisor of 35320 and 10.
10
What is the greatest common divisor of 104 and 94575?
13
What is the highest common divisor of 29972 and 1770?
118
Calculate the highest common factor of 3463149 and 19.
19
What is the greatest common factor of 5180 and 1876?
28
Calculate the highest common factor of 41622 and 378.
42
Calculate the highest common factor of 72752 and 160.
16
What is the highest common factor of 44196 and 29?
29
What is the greatest common divisor of 83138 and 55?
11
Calculate the greatest common factor of 11 and 325963.
11
Calculate the greatest common divisor of 7257291 and 111.
111
What is the greatest common factor of 146 and 44165?
73
Calculate the highest common factor of 247 and 90909.
13
What is the highest common divisor of 295 and 1009136?
59
What is the highest common factor of 1883 and 35?
7
Calculate the highest common factor of 13968 and 9603.
873
Calculate the greatest common divisor of 45 and 2154135.
15
What is the greatest common divisor of 926 and 134?
2
What is the greatest common divisor of 92 and 144279?
23
Calculate the highest common factor of 400 and 2675.
25
What is the highest common divisor of 54492 and 26529?
717
Calculate the highest common factor of 10533 and 24.
3
What is the highest common divisor of 68 and 1051756?
68
Calculate the greatest common factor of 575169 and 42.
21
Calculate the greatest common divisor of 6 and 32259.
3
What is the highest common divisor of 147991 and 19?
19
Calculate the highest common divisor of 3801 and 42.
21
Calculate the greatest common divisor of 527516 and 228.
76
Calculate the greatest common divisor of 629 and 115181.
37
What is the greatest common divisor of 3610 and 346370?
190
Calculate the highest common factor of 150177 and 226.
113
What is the greatest common factor of 36 and 194436?
36
What is the greatest common factor of 22334 and 598?
26
Calculate the greatest common factor of 76 and 1508.
4
Calculate the greatest common divisor of 309 and 478332.
309
What is the greatest common divisor of 360 and 16570?
10
What is the highest common divisor of 352 and 5500?
44
What is the greatest common divisor of 11439 and 837?
279
What is the greatest common factor of 216634 and 11?
11
What is the greatest common factor of 103905 and 75?
15
Calculate the highest common factor of 42651 and 999.
9
What is the greatest common factor of 88768 and 48?
16
What is the highest common divisor of 41 and 581831?
41
What is the greatest common factor of 1176 and 332318?
98
Calculate the greatest common divisor of 805 and 147840.
35
Calculate the greatest common divisor of 51758 and 84.
14
Calculate the greatest common factor of 2067 and 3975.
159
What is the highest common factor of 1717 and 3281?
17
What is the greatest common factor of 376944 and 48?
48
Calculate the highest common divisor of 1970 and 40.
10
Calculate the greatest common factor of 930 and 388616.
62
Calculate the highest common divisor of 5438 and 10.
2
What is the greatest common factor of 30955 and 1640?